{"id":1319,"date":"2026-04-03T13:37:17","date_gmt":"2026-04-03T12:37:17","guid":{"rendered":"https:\/\/noams.dk\/?product=poeten-og-lillemor-filmboksen-dvd"},"modified":"2026-05-01T15:28:12","modified_gmt":"2026-05-01T13:28:12","slug":"poeten-og-lillemor-filmboksen-dvd","status":"publish","type":"product","link":"https:\/\/noams.dk\/?product=poeten-og-lillemor-filmboksen-dvd","title":{"rendered":"Poeten og Lillemor &#8211; Filmboksen (DVD)"},"content":{"rendered":"<p><strong>Indeholder<\/strong><br \/>\nPoeten og Lillemor (1959)<br \/>\nPoeten og Lillemor og Lotte (1960)<br \/>\nPoeten og Lillemor i for\u00e5rshum\u00f8r (1961)<\/p>\n<p><strong>Format: 3 x DVD<\/strong><br \/>\n<strong>Sprog: Dansk<\/strong><br \/>\n<strong>Undertekster: Dansk<\/strong><br \/>\n<strong>Spilletid: 92 min \/ 93 min \/ 91 min<\/strong><br \/>\n<strong>Genre: Lystspil<\/strong><br \/>\n<strong>Varenr:\u00a05708758687225<\/strong><\/p>\n","protected":false},"excerpt":{"rendered":"<p>Indeholder:<br \/>\nAlle de 3 popul\u00e6re film- poeten og Lillemor &#8211; 1959- Poeten og Lillemor og Lotte &#8211; 1960- Poeten og Lillemor i for\u00e5rshum\u00f8r &#8211; 1961<br \/>\nFormat: 3 x DVDSprog: DanskUndertekster: DanskSpilletid: 9<\/p>\n","protected":false},"featured_media":0,"template":"","meta":{"_themeisle_gutenberg_block_has_review":false},"product_brand":[],"product_cat":[47,71,771],"product_tag":[],"class_list":{"0":"post-1319","1":"product","2":"type-product","3":"status-publish","5":"product_cat-film","6":"product_cat-filmbokse","7":"product_cat-gamle-danske-film","9":"first","10":"instock","11":"sold-individually","12":"taxable","13":"shipping-taxable","14":"purchasable","15":"product-type-simple"},"supplier_id":null,"supplier_sku":"","barcode":null,"atum_controlled":true,"out_stock_date":null,"out_stock_threshold":null,"inheritable":false,"inbound_stock":null,"stock_on_hold":null,"sold_today":null,"sales_last_days":null,"reserved_stock":null,"customer_returns":null,"warehouse_damage":null,"lost_in_post":null,"other_logs":null,"out_stock_days":null,"lost_sales":null,"has_location":false,"update_date":"2026-05-01T13:28:14","atum_locations":[],"atum_stock_status":"instock","restock_status":false,"low_stock_amount":"","sales_update_date":null,"calc_backorders":null,"yoast_head":"<!-- This site is optimized with the Yoast SEO plugin v27.5 - https:\/\/yoast.com\/product\/yoast-seo-wordpress\/ -->\n<title>Poeten og Lillemor - Filmboksen (DVD) - Noams.dk<\/title>\n<meta name=\"robots\" content=\"index, follow, max-snippet:-1, max-image-preview:large, max-video-preview:-1\" \/>\n<link rel=\"canonical\" href=\"https:\/\/noams.dk\/?product=poeten-og-lillemor-filmboksen-dvd\" \/>\n<meta property=\"og:locale\" content=\"da_DK\" \/>\n<meta property=\"og:type\" content=\"article\" \/>\n<meta property=\"og:title\" content=\"Poeten og Lillemor - Filmboksen (DVD) - Noams.dk\" \/>\n<meta property=\"og:description\" content=\"Indeholder: Alle de 3 popul\u00e6re film- poeten og Lillemor - 1959- Poeten og Lillemor og Lotte - 1960- Poeten og Lillemor i for\u00e5rshum\u00f8r - 1961 Format: 3 x DVDSprog: DanskUndertekster: DanskSpilletid: 9\" \/>\n<meta property=\"og:url\" content=\"https:\/\/noams.dk\/?product=poeten-og-lillemor-filmboksen-dvd\" \/>\n<meta property=\"og:site_name\" content=\"Noams.dk\" \/>\n<meta property=\"article:publisher\" content=\"https:\/\/www.facebook.com\/noamsdk\" \/>\n<meta property=\"article:modified_time\" content=\"2026-05-01T13:28:12+00:00\" \/>\n<meta name=\"twitter:card\" content=\"summary_large_image\" \/>\n<meta name=\"twitter:label1\" content=\"Estimeret l\u00e6setid\" \/>\n\t<meta name=\"twitter:data1\" content=\"1 minut\" \/>\n<script type=\"application\/ld+json\" class=\"yoast-schema-graph\">{\"@context\":\"https:\\\/\\\/schema.org\",\"@graph\":[{\"@type\":\"WebPage\",\"@id\":\"https:\\\/\\\/noams.dk\\\/?product=poeten-og-lillemor-filmboksen-dvd\",\"url\":\"https:\\\/\\\/noams.dk\\\/?product=poeten-og-lillemor-filmboksen-dvd\",\"name\":\"Poeten og Lillemor - Filmboksen (DVD) - Noams.dk\",\"isPartOf\":{\"@id\":\"https:\\\/\\\/noams.dk\\\/#website\"},\"datePublished\":\"2026-04-03T12:37:17+00:00\",\"dateModified\":\"2026-05-01T13:28:12+00:00\",\"breadcrumb\":{\"@id\":\"https:\\\/\\\/noams.dk\\\/?product=poeten-og-lillemor-filmboksen-dvd#breadcrumb\"},\"inLanguage\":\"da-DK\",\"potentialAction\":[{\"@type\":\"ReadAction\",\"target\":[\"https:\\\/\\\/noams.dk\\\/?product=poeten-og-lillemor-filmboksen-dvd\"]}]},{\"@type\":\"BreadcrumbList\",\"@id\":\"https:\\\/\\\/noams.dk\\\/?product=poeten-og-lillemor-filmboksen-dvd#breadcrumb\",\"itemListElement\":[{\"@type\":\"ListItem\",\"position\":1,\"name\":\"Hjem\",\"item\":\"https:\\\/\\\/noams.dk\\\/\"},{\"@type\":\"ListItem\",\"position\":2,\"name\":\"Shop\",\"item\":\"https:\\\/\\\/noams.dk\\\/?page_id=8\"},{\"@type\":\"ListItem\",\"position\":3,\"name\":\"Poeten og Lillemor &#8211; Filmboksen (DVD)\"}]},{\"@type\":\"WebSite\",\"@id\":\"https:\\\/\\\/noams.dk\\\/#website\",\"url\":\"https:\\\/\\\/noams.dk\\\/\",\"name\":\"Noam.dk\",\"description\":\"Din butik for vinyl, cd&#039;er og film.\",\"publisher\":{\"@id\":\"https:\\\/\\\/noams.dk\\\/#organization\"},\"potentialAction\":[{\"@type\":\"SearchAction\",\"target\":{\"@type\":\"EntryPoint\",\"urlTemplate\":\"https:\\\/\\\/noams.dk\\\/?s={search_term_string}\"},\"query-input\":{\"@type\":\"PropertyValueSpecification\",\"valueRequired\":true,\"valueName\":\"search_term_string\"}}],\"inLanguage\":\"da-DK\"},{\"@type\":\"Organization\",\"@id\":\"https:\\\/\\\/noams.dk\\\/#organization\",\"name\":\"Noam.dk\",\"url\":\"https:\\\/\\\/noams.dk\\\/\",\"logo\":{\"@type\":\"ImageObject\",\"inLanguage\":\"da-DK\",\"@id\":\"https:\\\/\\\/noams.dk\\\/#\\\/schema\\\/logo\\\/image\\\/\",\"url\":\"https:\\\/\\\/noams.dk\\\/wp-content\\\/uploads\\\/2026\\\/04\\\/noams-n-logo.jpg\",\"contentUrl\":\"https:\\\/\\\/noams.dk\\\/wp-content\\\/uploads\\\/2026\\\/04\\\/noams-n-logo.jpg\",\"width\":119,\"height\":108,\"caption\":\"Noam.dk\"},\"image\":{\"@id\":\"https:\\\/\\\/noams.dk\\\/#\\\/schema\\\/logo\\\/image\\\/\"},\"sameAs\":[\"https:\\\/\\\/www.facebook.com\\\/noamsdk\"]}]}<\/script>\n<!-- \/ Yoast SEO plugin. -->","yoast_head_json":{"title":"Poeten og Lillemor - Filmboksen (DVD) - Noams.dk","robots":{"index":"index","follow":"follow","max-snippet":"max-snippet:-1","max-image-preview":"max-image-preview:large","max-video-preview":"max-video-preview:-1"},"canonical":"https:\/\/noams.dk\/?product=poeten-og-lillemor-filmboksen-dvd","og_locale":"da_DK","og_type":"article","og_title":"Poeten og Lillemor - Filmboksen (DVD) - Noams.dk","og_description":"Indeholder: Alle de 3 popul\u00e6re film- poeten og Lillemor - 1959- Poeten og Lillemor og Lotte - 1960- Poeten og Lillemor i for\u00e5rshum\u00f8r - 1961 Format: 3 x DVDSprog: DanskUndertekster: DanskSpilletid: 9","og_url":"https:\/\/noams.dk\/?product=poeten-og-lillemor-filmboksen-dvd","og_site_name":"Noams.dk","article_publisher":"https:\/\/www.facebook.com\/noamsdk","article_modified_time":"2026-05-01T13:28:12+00:00","twitter_card":"summary_large_image","twitter_misc":{"Estimeret l\u00e6setid":"1 minut"},"schema":{"@context":"https:\/\/schema.org","@graph":[{"@type":"WebPage","@id":"https:\/\/noams.dk\/?product=poeten-og-lillemor-filmboksen-dvd","url":"https:\/\/noams.dk\/?product=poeten-og-lillemor-filmboksen-dvd","name":"Poeten og Lillemor - Filmboksen (DVD) - Noams.dk","isPartOf":{"@id":"https:\/\/noams.dk\/#website"},"datePublished":"2026-04-03T12:37:17+00:00","dateModified":"2026-05-01T13:28:12+00:00","breadcrumb":{"@id":"https:\/\/noams.dk\/?product=poeten-og-lillemor-filmboksen-dvd#breadcrumb"},"inLanguage":"da-DK","potentialAction":[{"@type":"ReadAction","target":["https:\/\/noams.dk\/?product=poeten-og-lillemor-filmboksen-dvd"]}]},{"@type":"BreadcrumbList","@id":"https:\/\/noams.dk\/?product=poeten-og-lillemor-filmboksen-dvd#breadcrumb","itemListElement":[{"@type":"ListItem","position":1,"name":"Hjem","item":"https:\/\/noams.dk\/"},{"@type":"ListItem","position":2,"name":"Shop","item":"https:\/\/noams.dk\/?page_id=8"},{"@type":"ListItem","position":3,"name":"Poeten og Lillemor &#8211; Filmboksen (DVD)"}]},{"@type":"WebSite","@id":"https:\/\/noams.dk\/#website","url":"https:\/\/noams.dk\/","name":"Noam.dk","description":"Din butik for vinyl, cd&#039;er og film.","publisher":{"@id":"https:\/\/noams.dk\/#organization"},"potentialAction":[{"@type":"SearchAction","target":{"@type":"EntryPoint","urlTemplate":"https:\/\/noams.dk\/?s={search_term_string}"},"query-input":{"@type":"PropertyValueSpecification","valueRequired":true,"valueName":"search_term_string"}}],"inLanguage":"da-DK"},{"@type":"Organization","@id":"https:\/\/noams.dk\/#organization","name":"Noam.dk","url":"https:\/\/noams.dk\/","logo":{"@type":"ImageObject","inLanguage":"da-DK","@id":"https:\/\/noams.dk\/#\/schema\/logo\/image\/","url":"https:\/\/noams.dk\/wp-content\/uploads\/2026\/04\/noams-n-logo.jpg","contentUrl":"https:\/\/noams.dk\/wp-content\/uploads\/2026\/04\/noams-n-logo.jpg","width":119,"height":108,"caption":"Noam.dk"},"image":{"@id":"https:\/\/noams.dk\/#\/schema\/logo\/image\/"},"sameAs":["https:\/\/www.facebook.com\/noamsdk"]}]}},"jetpack_sharing_enabled":true,"_links":{"self":[{"href":"https:\/\/noams.dk\/index.php?rest_route=\/wp\/v2\/product\/1319","targetHints":{"allow":["GET"]}}],"collection":[{"href":"https:\/\/noams.dk\/index.php?rest_route=\/wp\/v2\/product"}],"about":[{"href":"https:\/\/noams.dk\/index.php?rest_route=\/wp\/v2\/types\/product"}],"wp:attachment":[{"href":"https:\/\/noams.dk\/index.php?rest_route=%2Fwp%2Fv2%2Fmedia&parent=1319"}],"wp:term":[{"taxonomy":"product_brand","embeddable":true,"href":"https:\/\/noams.dk\/index.php?rest_route=%2Fwp%2Fv2%2Fproduct_brand&post=1319"},{"taxonomy":"product_cat","embeddable":true,"href":"https:\/\/noams.dk\/index.php?rest_route=%2Fwp%2Fv2%2Fproduct_cat&post=1319"},{"taxonomy":"product_tag","embeddable":true,"href":"https:\/\/noams.dk\/index.php?rest_route=%2Fwp%2Fv2%2Fproduct_tag&post=1319"}],"curies":[{"name":"wp","href":"https:\/\/api.w.org\/{rel}","templated":true}]}}