{"id":1851,"date":"2026-04-03T13:38:57","date_gmt":"2026-04-03T12:38:57","guid":{"rendered":"https:\/\/noams.dk\/?product=amor-i-telefonen-dvd"},"modified":"2026-05-01T15:34:21","modified_gmt":"2026-05-01T13:34:21","slug":"amor-i-telefonen-dvd","status":"publish","type":"product","link":"https:\/\/noams.dk\/?product=amor-i-telefonen-dvd","title":{"rendered":"Amor i telefonen (DVD)"},"content":{"rendered":"<p><strong>Beskrivelse<\/strong><br \/>\nEn distr\u00e6t magister er i gang med at skrive v\u00e6rket \u201cErotikkens betydning for verdenshistoriens st\u00f8rre m\u00e6nd.\u201d Tilf\u00e6ldigt dr\u00f8fter han emnet med italieneren Enrico, der taler dansk.Enrico tilbyder et v\u00e6ddem\u00e5l: han kan forf\u00f8re tre danske piger &#8211; gifte eller ugifte &#8211; p\u00e5 f\u00e5 dage. Beviset skal v\u00e6re fotos taget af Enrico med sit spionkamera.En af dem Enrico tilf\u00e6ldigt g\u00f8r kur til f\u00f8rst er magisterens kone og hendes veninde Ina. Da Ina ikke er uimodtagelig, inviterer hun Enrico til en fest. Her bliver Inas mand, der selv er en rigtig kvindebed\u00e5rer, jaloux og der er optr\u00e6k til tumult.Pludselig dukker Enrico op &#8211; og straks flokkes damerne om ham.Alt tyder p\u00e5, at han vil vinde sit v\u00e6ddem\u00e5l.Damerne d\u00e5ner for italiensk charm\u00f8r!Se selv: S\u00e5dan skal kvinder forf\u00f8res!<\/p>\n<p><strong>Format: DVD<\/strong><br \/>\n<strong>Sprog: Dansk &#8211; Dolby Digital<\/strong><br \/>\n<strong>Undertekster: Dansk<\/strong><br \/>\n<strong>Spilletid: 90 min<\/strong><br \/>\n<strong>Genre: Lystspil<\/strong><br \/>\n<strong>Produktions\u00e5r: 1957<\/strong><br \/>\n<strong>Varenr: 5709165825224<\/strong><\/p>\n","protected":false},"excerpt":{"rendered":"<p>Beskrivelse En distr\u00e6t magister er i gang med at skrive v\u00e6rket \u201cErotikkens betydning for verdenshistoriens st\u00f8rre m\u00e6nd.\u201d Tilf\u00e6ldigt dr\u00f8fter han emnet med italieneren Enrico, der taler dansk.Enrico til<\/p>\n","protected":false},"featured_media":26372,"template":"","meta":{"_themeisle_gutenberg_block_has_review":false},"product_brand":[],"product_cat":[47,771],"product_tag":[],"class_list":{"0":"post-1851","1":"product","2":"type-product","3":"status-publish","4":"has-post-thumbnail","6":"product_cat-film","7":"product_cat-gamle-danske-film","9":"first","10":"instock","11":"sold-individually","12":"taxable","13":"shipping-taxable","14":"purchasable","15":"product-type-simple"},"supplier_id":null,"supplier_sku":"","barcode":null,"atum_controlled":true,"out_stock_date":null,"out_stock_threshold":null,"inheritable":false,"inbound_stock":null,"stock_on_hold":null,"sold_today":null,"sales_last_days":null,"reserved_stock":null,"customer_returns":null,"warehouse_damage":null,"lost_in_post":null,"other_logs":null,"out_stock_days":null,"lost_sales":null,"has_location":false,"update_date":"2026-05-01T13:34:22","atum_locations":[],"atum_stock_status":"instock","restock_status":false,"low_stock_amount":"","sales_update_date":null,"calc_backorders":null,"yoast_head":"<!-- This site is optimized with the Yoast SEO plugin v27.5 - https:\/\/yoast.com\/product\/yoast-seo-wordpress\/ -->\n<title>Amor i telefonen (DVD) - Noams.dk<\/title>\n<meta name=\"robots\" content=\"index, follow, max-snippet:-1, max-image-preview:large, max-video-preview:-1\" \/>\n<link rel=\"canonical\" href=\"https:\/\/noams.dk\/?product=amor-i-telefonen-dvd\" \/>\n<meta property=\"og:locale\" content=\"da_DK\" \/>\n<meta property=\"og:type\" content=\"article\" \/>\n<meta property=\"og:title\" content=\"Amor i telefonen (DVD) - Noams.dk\" \/>\n<meta property=\"og:description\" content=\"Beskrivelse En distr\u00e6t magister er i gang med at skrive v\u00e6rket \u201cErotikkens betydning for verdenshistoriens st\u00f8rre m\u00e6nd.\u201d Tilf\u00e6ldigt dr\u00f8fter han emnet med italieneren Enrico, der taler dansk.Enrico til\" \/>\n<meta property=\"og:url\" content=\"https:\/\/noams.dk\/?product=amor-i-telefonen-dvd\" \/>\n<meta property=\"og:site_name\" content=\"Noams.dk\" \/>\n<meta property=\"article:publisher\" content=\"https:\/\/www.facebook.com\/noamsdk\" \/>\n<meta property=\"article:modified_time\" content=\"2026-05-01T13:34:21+00:00\" \/>\n<meta property=\"og:image\" content=\"https:\/\/noams.dk\/wp-content\/uploads\/2026\/04\/Amor-i-telefonen-DVD.jpg\" \/>\n\t<meta property=\"og:image:width\" content=\"350\" \/>\n\t<meta property=\"og:image:height\" content=\"501\" \/>\n\t<meta property=\"og:image:type\" content=\"image\/jpeg\" \/>\n<meta name=\"twitter:card\" content=\"summary_large_image\" \/>\n<meta name=\"twitter:label1\" content=\"Estimeret l\u00e6setid\" \/>\n\t<meta name=\"twitter:data1\" content=\"1 minut\" \/>\n<script type=\"application\/ld+json\" class=\"yoast-schema-graph\">{\"@context\":\"https:\\\/\\\/schema.org\",\"@graph\":[{\"@type\":\"WebPage\",\"@id\":\"https:\\\/\\\/noams.dk\\\/?product=amor-i-telefonen-dvd\",\"url\":\"https:\\\/\\\/noams.dk\\\/?product=amor-i-telefonen-dvd\",\"name\":\"Amor i telefonen (DVD) - Noams.dk\",\"isPartOf\":{\"@id\":\"https:\\\/\\\/noams.dk\\\/#website\"},\"primaryImageOfPage\":{\"@id\":\"https:\\\/\\\/noams.dk\\\/?product=amor-i-telefonen-dvd#primaryimage\"},\"image\":{\"@id\":\"https:\\\/\\\/noams.dk\\\/?product=amor-i-telefonen-dvd#primaryimage\"},\"thumbnailUrl\":\"https:\\\/\\\/noams.dk\\\/wp-content\\\/uploads\\\/2026\\\/04\\\/Amor-i-telefonen-DVD.jpg\",\"datePublished\":\"2026-04-03T12:38:57+00:00\",\"dateModified\":\"2026-05-01T13:34:21+00:00\",\"breadcrumb\":{\"@id\":\"https:\\\/\\\/noams.dk\\\/?product=amor-i-telefonen-dvd#breadcrumb\"},\"inLanguage\":\"da-DK\",\"potentialAction\":[{\"@type\":\"ReadAction\",\"target\":[\"https:\\\/\\\/noams.dk\\\/?product=amor-i-telefonen-dvd\"]}]},{\"@type\":\"ImageObject\",\"inLanguage\":\"da-DK\",\"@id\":\"https:\\\/\\\/noams.dk\\\/?product=amor-i-telefonen-dvd#primaryimage\",\"url\":\"https:\\\/\\\/noams.dk\\\/wp-content\\\/uploads\\\/2026\\\/04\\\/Amor-i-telefonen-DVD.jpg\",\"contentUrl\":\"https:\\\/\\\/noams.dk\\\/wp-content\\\/uploads\\\/2026\\\/04\\\/Amor-i-telefonen-DVD.jpg\",\"width\":350,\"height\":501},{\"@type\":\"BreadcrumbList\",\"@id\":\"https:\\\/\\\/noams.dk\\\/?product=amor-i-telefonen-dvd#breadcrumb\",\"itemListElement\":[{\"@type\":\"ListItem\",\"position\":1,\"name\":\"Hjem\",\"item\":\"https:\\\/\\\/noams.dk\\\/\"},{\"@type\":\"ListItem\",\"position\":2,\"name\":\"Shop\",\"item\":\"https:\\\/\\\/noams.dk\\\/?page_id=8\"},{\"@type\":\"ListItem\",\"position\":3,\"name\":\"Amor i telefonen (DVD)\"}]},{\"@type\":\"WebSite\",\"@id\":\"https:\\\/\\\/noams.dk\\\/#website\",\"url\":\"https:\\\/\\\/noams.dk\\\/\",\"name\":\"Noam.dk\",\"description\":\"Din butik for vinyl, cd&#039;er og film.\",\"publisher\":{\"@id\":\"https:\\\/\\\/noams.dk\\\/#organization\"},\"potentialAction\":[{\"@type\":\"SearchAction\",\"target\":{\"@type\":\"EntryPoint\",\"urlTemplate\":\"https:\\\/\\\/noams.dk\\\/?s={search_term_string}\"},\"query-input\":{\"@type\":\"PropertyValueSpecification\",\"valueRequired\":true,\"valueName\":\"search_term_string\"}}],\"inLanguage\":\"da-DK\"},{\"@type\":\"Organization\",\"@id\":\"https:\\\/\\\/noams.dk\\\/#organization\",\"name\":\"Noam.dk\",\"url\":\"https:\\\/\\\/noams.dk\\\/\",\"logo\":{\"@type\":\"ImageObject\",\"inLanguage\":\"da-DK\",\"@id\":\"https:\\\/\\\/noams.dk\\\/#\\\/schema\\\/logo\\\/image\\\/\",\"url\":\"https:\\\/\\\/noams.dk\\\/wp-content\\\/uploads\\\/2026\\\/04\\\/noams-n-logo.jpg\",\"contentUrl\":\"https:\\\/\\\/noams.dk\\\/wp-content\\\/uploads\\\/2026\\\/04\\\/noams-n-logo.jpg\",\"width\":119,\"height\":108,\"caption\":\"Noam.dk\"},\"image\":{\"@id\":\"https:\\\/\\\/noams.dk\\\/#\\\/schema\\\/logo\\\/image\\\/\"},\"sameAs\":[\"https:\\\/\\\/www.facebook.com\\\/noamsdk\"]}]}<\/script>\n<!-- \/ Yoast SEO plugin. -->","yoast_head_json":{"title":"Amor i telefonen (DVD) - Noams.dk","robots":{"index":"index","follow":"follow","max-snippet":"max-snippet:-1","max-image-preview":"max-image-preview:large","max-video-preview":"max-video-preview:-1"},"canonical":"https:\/\/noams.dk\/?product=amor-i-telefonen-dvd","og_locale":"da_DK","og_type":"article","og_title":"Amor i telefonen (DVD) - Noams.dk","og_description":"Beskrivelse En distr\u00e6t magister er i gang med at skrive v\u00e6rket \u201cErotikkens betydning for verdenshistoriens st\u00f8rre m\u00e6nd.\u201d Tilf\u00e6ldigt dr\u00f8fter han emnet med italieneren Enrico, der taler dansk.Enrico til","og_url":"https:\/\/noams.dk\/?product=amor-i-telefonen-dvd","og_site_name":"Noams.dk","article_publisher":"https:\/\/www.facebook.com\/noamsdk","article_modified_time":"2026-05-01T13:34:21+00:00","og_image":[{"width":350,"height":501,"url":"https:\/\/noams.dk\/wp-content\/uploads\/2026\/04\/Amor-i-telefonen-DVD.jpg","type":"image\/jpeg"}],"twitter_card":"summary_large_image","twitter_misc":{"Estimeret l\u00e6setid":"1 minut"},"schema":{"@context":"https:\/\/schema.org","@graph":[{"@type":"WebPage","@id":"https:\/\/noams.dk\/?product=amor-i-telefonen-dvd","url":"https:\/\/noams.dk\/?product=amor-i-telefonen-dvd","name":"Amor i telefonen (DVD) - Noams.dk","isPartOf":{"@id":"https:\/\/noams.dk\/#website"},"primaryImageOfPage":{"@id":"https:\/\/noams.dk\/?product=amor-i-telefonen-dvd#primaryimage"},"image":{"@id":"https:\/\/noams.dk\/?product=amor-i-telefonen-dvd#primaryimage"},"thumbnailUrl":"https:\/\/noams.dk\/wp-content\/uploads\/2026\/04\/Amor-i-telefonen-DVD.jpg","datePublished":"2026-04-03T12:38:57+00:00","dateModified":"2026-05-01T13:34:21+00:00","breadcrumb":{"@id":"https:\/\/noams.dk\/?product=amor-i-telefonen-dvd#breadcrumb"},"inLanguage":"da-DK","potentialAction":[{"@type":"ReadAction","target":["https:\/\/noams.dk\/?product=amor-i-telefonen-dvd"]}]},{"@type":"ImageObject","inLanguage":"da-DK","@id":"https:\/\/noams.dk\/?product=amor-i-telefonen-dvd#primaryimage","url":"https:\/\/noams.dk\/wp-content\/uploads\/2026\/04\/Amor-i-telefonen-DVD.jpg","contentUrl":"https:\/\/noams.dk\/wp-content\/uploads\/2026\/04\/Amor-i-telefonen-DVD.jpg","width":350,"height":501},{"@type":"BreadcrumbList","@id":"https:\/\/noams.dk\/?product=amor-i-telefonen-dvd#breadcrumb","itemListElement":[{"@type":"ListItem","position":1,"name":"Hjem","item":"https:\/\/noams.dk\/"},{"@type":"ListItem","position":2,"name":"Shop","item":"https:\/\/noams.dk\/?page_id=8"},{"@type":"ListItem","position":3,"name":"Amor i telefonen (DVD)"}]},{"@type":"WebSite","@id":"https:\/\/noams.dk\/#website","url":"https:\/\/noams.dk\/","name":"Noam.dk","description":"Din butik for vinyl, cd&#039;er og film.","publisher":{"@id":"https:\/\/noams.dk\/#organization"},"potentialAction":[{"@type":"SearchAction","target":{"@type":"EntryPoint","urlTemplate":"https:\/\/noams.dk\/?s={search_term_string}"},"query-input":{"@type":"PropertyValueSpecification","valueRequired":true,"valueName":"search_term_string"}}],"inLanguage":"da-DK"},{"@type":"Organization","@id":"https:\/\/noams.dk\/#organization","name":"Noam.dk","url":"https:\/\/noams.dk\/","logo":{"@type":"ImageObject","inLanguage":"da-DK","@id":"https:\/\/noams.dk\/#\/schema\/logo\/image\/","url":"https:\/\/noams.dk\/wp-content\/uploads\/2026\/04\/noams-n-logo.jpg","contentUrl":"https:\/\/noams.dk\/wp-content\/uploads\/2026\/04\/noams-n-logo.jpg","width":119,"height":108,"caption":"Noam.dk"},"image":{"@id":"https:\/\/noams.dk\/#\/schema\/logo\/image\/"},"sameAs":["https:\/\/www.facebook.com\/noamsdk"]}]}},"jetpack_sharing_enabled":true,"_links":{"self":[{"href":"https:\/\/noams.dk\/index.php?rest_route=\/wp\/v2\/product\/1851","targetHints":{"allow":["GET"]}}],"collection":[{"href":"https:\/\/noams.dk\/index.php?rest_route=\/wp\/v2\/product"}],"about":[{"href":"https:\/\/noams.dk\/index.php?rest_route=\/wp\/v2\/types\/product"}],"wp:featuredmedia":[{"embeddable":true,"href":"https:\/\/noams.dk\/index.php?rest_route=\/wp\/v2\/media\/26372"}],"wp:attachment":[{"href":"https:\/\/noams.dk\/index.php?rest_route=%2Fwp%2Fv2%2Fmedia&parent=1851"}],"wp:term":[{"taxonomy":"product_brand","embeddable":true,"href":"https:\/\/noams.dk\/index.php?rest_route=%2Fwp%2Fv2%2Fproduct_brand&post=1851"},{"taxonomy":"product_cat","embeddable":true,"href":"https:\/\/noams.dk\/index.php?rest_route=%2Fwp%2Fv2%2Fproduct_cat&post=1851"},{"taxonomy":"product_tag","embeddable":true,"href":"https:\/\/noams.dk\/index.php?rest_route=%2Fwp%2Fv2%2Fproduct_tag&post=1851"}],"curies":[{"name":"wp","href":"https:\/\/api.w.org\/{rel}","templated":true}]}}