{"id":1919,"date":"2026-04-03T13:39:09","date_gmt":"2026-04-03T12:39:09","guid":{"rendered":"https:\/\/noams.dk\/?product=the-jurassic-games-dvd"},"modified":"2026-04-07T20:26:04","modified_gmt":"2026-04-07T19:26:04","slug":"the-jurassic-games-dvd","status":"publish","type":"product","link":"https:\/\/noams.dk\/?product=the-jurassic-games-dvd","title":{"rendered":"The Jurassic Games (DVD)"},"content":{"rendered":"<p><strong>Beskrivelse:<\/strong><br \/>\n<strong>I en en n\u00e6r fremtid bliver ti d\u00f8dsd\u00f8mte udvalgt til at konkurrere i The Jurassic Games, det ultimative Virtual Realitygameshow, hvor deltagerne k\u00e6mper mod hinanden og dinosaurer. Men der er en hage ved det hele\u2026 Hvis du d\u00f8r i det virtuelle spil, d\u00f8r du ogs\u00e5 i virkeligheden. Deltagerne bliver udsat for den ene vanvittige udfordring efter den anden, og de m\u00e5 snart sande, at oddsene ikke er p\u00e5 deres side. For kun \u00e9n person kan vinde og derved g\u00f8re krav p\u00e5 sin frihed, og for Anthony Tucker (Adam Hampton) er overlevelse hans eneste mulighed for at blive genforenet med sine b\u00f8rn efter at v\u00e6re blevet uskyldig d\u00f8mt for mordet p\u00e5 sin kone.<\/strong><\/p>\n<p><strong>Format: DVD<\/strong><br \/>\n<strong>Audio: Engelsk Dolby Digital 2.0 &amp; 5.1<\/strong><br \/>\n<strong>Undertekster: Danske, svenske, norske, finske<\/strong><br \/>\n<strong>Spilletid: 83 min<\/strong><br \/>\n<strong>Genre: Sci-Fi \/ Action<\/strong><br \/>\n<strong>Produktion: USA 2018<\/strong><br \/>\n<strong>Varenr: AWE5709498017907<\/strong><\/p>\n","protected":false},"excerpt":{"rendered":"<p>Beskrivelse:<br \/>\nI en en n\u00e6r fremtid bliver ti d\u00f8dsd\u00f8mte udvalgt til at konkurrere i The Jurassic Games, det ultimative Virtual Realitygameshow, hvor deltagerne k\u00e6mper mod hinanden og dinosaurer. Men der<\/p>\n","protected":false},"featured_media":0,"comment_status":"open","ping_status":"closed","template":"","meta":{"_themeisle_gutenberg_block_has_review":false},"product_brand":[],"product_cat":[59,47,766],"product_tag":[],"class_list":{"0":"post-1919","1":"product","2":"type-product","3":"status-publish","5":"product_cat-action","6":"product_cat-film","7":"product_cat-sci-fi","9":"first","10":"instock","11":"taxable","12":"shipping-taxable","13":"purchasable","14":"product-type-simple"},"supplier_id":null,"supplier_sku":"","barcode":null,"atum_controlled":true,"out_stock_date":null,"out_stock_threshold":null,"inheritable":false,"inbound_stock":null,"stock_on_hold":null,"sold_today":null,"sales_last_days":null,"reserved_stock":null,"customer_returns":null,"warehouse_damage":null,"lost_in_post":null,"other_logs":null,"out_stock_days":null,"lost_sales":null,"has_location":false,"update_date":"2026-04-07T19:26:05","atum_locations":[],"atum_stock_status":"instock","restock_status":false,"low_stock_amount":"","sales_update_date":null,"calc_backorders":null,"yoast_head":"<!-- This site is optimized with the Yoast SEO plugin v27.3 - https:\/\/yoast.com\/product\/yoast-seo-wordpress\/ -->\n<title>The Jurassic Games (DVD) - Noams.dk<\/title>\n<meta name=\"robots\" content=\"index, follow, max-snippet:-1, max-image-preview:large, max-video-preview:-1\" \/>\n<link rel=\"canonical\" href=\"https:\/\/noams.dk\/?product=the-jurassic-games-dvd\" \/>\n<meta property=\"og:locale\" content=\"da_DK\" \/>\n<meta property=\"og:type\" content=\"article\" \/>\n<meta property=\"og:title\" content=\"The Jurassic Games (DVD) - Noams.dk\" \/>\n<meta property=\"og:description\" content=\"Beskrivelse: I en en n\u00e6r fremtid bliver ti d\u00f8dsd\u00f8mte udvalgt til at konkurrere i The Jurassic Games, det ultimative Virtual Realitygameshow, hvor deltagerne k\u00e6mper mod hinanden og dinosaurer. Men der\" \/>\n<meta property=\"og:url\" content=\"https:\/\/noams.dk\/?product=the-jurassic-games-dvd\" \/>\n<meta property=\"og:site_name\" content=\"Noams.dk\" \/>\n<meta property=\"article:publisher\" content=\"https:\/\/www.facebook.com\/noamsdk\" \/>\n<meta property=\"article:modified_time\" content=\"2026-04-07T19:26:04+00:00\" \/>\n<meta name=\"twitter:card\" content=\"summary_large_image\" \/>\n<meta name=\"twitter:label1\" content=\"Estimeret l\u00e6setid\" \/>\n\t<meta name=\"twitter:data1\" content=\"1 minut\" \/>\n<script type=\"application\/ld+json\" class=\"yoast-schema-graph\">{\"@context\":\"https:\\\/\\\/schema.org\",\"@graph\":[{\"@type\":\"WebPage\",\"@id\":\"https:\\\/\\\/noams.dk\\\/?product=the-jurassic-games-dvd\",\"url\":\"https:\\\/\\\/noams.dk\\\/?product=the-jurassic-games-dvd\",\"name\":\"The Jurassic Games (DVD) - Noams.dk\",\"isPartOf\":{\"@id\":\"https:\\\/\\\/noams.dk\\\/#website\"},\"datePublished\":\"2026-04-03T12:39:09+00:00\",\"dateModified\":\"2026-04-07T19:26:04+00:00\",\"breadcrumb\":{\"@id\":\"https:\\\/\\\/noams.dk\\\/?product=the-jurassic-games-dvd#breadcrumb\"},\"inLanguage\":\"da-DK\",\"potentialAction\":[{\"@type\":\"ReadAction\",\"target\":[\"https:\\\/\\\/noams.dk\\\/?product=the-jurassic-games-dvd\"]}]},{\"@type\":\"BreadcrumbList\",\"@id\":\"https:\\\/\\\/noams.dk\\\/?product=the-jurassic-games-dvd#breadcrumb\",\"itemListElement\":[{\"@type\":\"ListItem\",\"position\":1,\"name\":\"Hjem\",\"item\":\"https:\\\/\\\/noams.dk\\\/\"},{\"@type\":\"ListItem\",\"position\":2,\"name\":\"Shop\",\"item\":\"https:\\\/\\\/noams.dk\\\/?page_id=8\"},{\"@type\":\"ListItem\",\"position\":3,\"name\":\"The Jurassic Games (DVD)\"}]},{\"@type\":\"WebSite\",\"@id\":\"https:\\\/\\\/noams.dk\\\/#website\",\"url\":\"https:\\\/\\\/noams.dk\\\/\",\"name\":\"Noam.dk\",\"description\":\"Din butik for vinyl, cd&#039;er og film.\",\"publisher\":{\"@id\":\"https:\\\/\\\/noams.dk\\\/#organization\"},\"potentialAction\":[{\"@type\":\"SearchAction\",\"target\":{\"@type\":\"EntryPoint\",\"urlTemplate\":\"https:\\\/\\\/noams.dk\\\/?s={search_term_string}\"},\"query-input\":{\"@type\":\"PropertyValueSpecification\",\"valueRequired\":true,\"valueName\":\"search_term_string\"}}],\"inLanguage\":\"da-DK\"},{\"@type\":\"Organization\",\"@id\":\"https:\\\/\\\/noams.dk\\\/#organization\",\"name\":\"Noam.dk\",\"url\":\"https:\\\/\\\/noams.dk\\\/\",\"logo\":{\"@type\":\"ImageObject\",\"inLanguage\":\"da-DK\",\"@id\":\"https:\\\/\\\/noams.dk\\\/#\\\/schema\\\/logo\\\/image\\\/\",\"url\":\"https:\\\/\\\/noams.dk\\\/wp-content\\\/uploads\\\/2026\\\/04\\\/noams-n-logo.jpg\",\"contentUrl\":\"https:\\\/\\\/noams.dk\\\/wp-content\\\/uploads\\\/2026\\\/04\\\/noams-n-logo.jpg\",\"width\":119,\"height\":108,\"caption\":\"Noam.dk\"},\"image\":{\"@id\":\"https:\\\/\\\/noams.dk\\\/#\\\/schema\\\/logo\\\/image\\\/\"},\"sameAs\":[\"https:\\\/\\\/www.facebook.com\\\/noamsdk\"]}]}<\/script>\n<!-- \/ Yoast SEO plugin. -->","yoast_head_json":{"title":"The Jurassic Games (DVD) - Noams.dk","robots":{"index":"index","follow":"follow","max-snippet":"max-snippet:-1","max-image-preview":"max-image-preview:large","max-video-preview":"max-video-preview:-1"},"canonical":"https:\/\/noams.dk\/?product=the-jurassic-games-dvd","og_locale":"da_DK","og_type":"article","og_title":"The Jurassic Games (DVD) - Noams.dk","og_description":"Beskrivelse: I en en n\u00e6r fremtid bliver ti d\u00f8dsd\u00f8mte udvalgt til at konkurrere i The Jurassic Games, det ultimative Virtual Realitygameshow, hvor deltagerne k\u00e6mper mod hinanden og dinosaurer. Men der","og_url":"https:\/\/noams.dk\/?product=the-jurassic-games-dvd","og_site_name":"Noams.dk","article_publisher":"https:\/\/www.facebook.com\/noamsdk","article_modified_time":"2026-04-07T19:26:04+00:00","twitter_card":"summary_large_image","twitter_misc":{"Estimeret l\u00e6setid":"1 minut"},"schema":{"@context":"https:\/\/schema.org","@graph":[{"@type":"WebPage","@id":"https:\/\/noams.dk\/?product=the-jurassic-games-dvd","url":"https:\/\/noams.dk\/?product=the-jurassic-games-dvd","name":"The Jurassic Games (DVD) - Noams.dk","isPartOf":{"@id":"https:\/\/noams.dk\/#website"},"datePublished":"2026-04-03T12:39:09+00:00","dateModified":"2026-04-07T19:26:04+00:00","breadcrumb":{"@id":"https:\/\/noams.dk\/?product=the-jurassic-games-dvd#breadcrumb"},"inLanguage":"da-DK","potentialAction":[{"@type":"ReadAction","target":["https:\/\/noams.dk\/?product=the-jurassic-games-dvd"]}]},{"@type":"BreadcrumbList","@id":"https:\/\/noams.dk\/?product=the-jurassic-games-dvd#breadcrumb","itemListElement":[{"@type":"ListItem","position":1,"name":"Hjem","item":"https:\/\/noams.dk\/"},{"@type":"ListItem","position":2,"name":"Shop","item":"https:\/\/noams.dk\/?page_id=8"},{"@type":"ListItem","position":3,"name":"The Jurassic Games (DVD)"}]},{"@type":"WebSite","@id":"https:\/\/noams.dk\/#website","url":"https:\/\/noams.dk\/","name":"Noam.dk","description":"Din butik for vinyl, cd&#039;er og film.","publisher":{"@id":"https:\/\/noams.dk\/#organization"},"potentialAction":[{"@type":"SearchAction","target":{"@type":"EntryPoint","urlTemplate":"https:\/\/noams.dk\/?s={search_term_string}"},"query-input":{"@type":"PropertyValueSpecification","valueRequired":true,"valueName":"search_term_string"}}],"inLanguage":"da-DK"},{"@type":"Organization","@id":"https:\/\/noams.dk\/#organization","name":"Noam.dk","url":"https:\/\/noams.dk\/","logo":{"@type":"ImageObject","inLanguage":"da-DK","@id":"https:\/\/noams.dk\/#\/schema\/logo\/image\/","url":"https:\/\/noams.dk\/wp-content\/uploads\/2026\/04\/noams-n-logo.jpg","contentUrl":"https:\/\/noams.dk\/wp-content\/uploads\/2026\/04\/noams-n-logo.jpg","width":119,"height":108,"caption":"Noam.dk"},"image":{"@id":"https:\/\/noams.dk\/#\/schema\/logo\/image\/"},"sameAs":["https:\/\/www.facebook.com\/noamsdk"]}]}},"jetpack_sharing_enabled":true,"_links":{"self":[{"href":"https:\/\/noams.dk\/index.php?rest_route=\/wp\/v2\/product\/1919","targetHints":{"allow":["GET"]}}],"collection":[{"href":"https:\/\/noams.dk\/index.php?rest_route=\/wp\/v2\/product"}],"about":[{"href":"https:\/\/noams.dk\/index.php?rest_route=\/wp\/v2\/types\/product"}],"replies":[{"embeddable":true,"href":"https:\/\/noams.dk\/index.php?rest_route=%2Fwp%2Fv2%2Fcomments&post=1919"}],"wp:attachment":[{"href":"https:\/\/noams.dk\/index.php?rest_route=%2Fwp%2Fv2%2Fmedia&parent=1919"}],"wp:term":[{"taxonomy":"product_brand","embeddable":true,"href":"https:\/\/noams.dk\/index.php?rest_route=%2Fwp%2Fv2%2Fproduct_brand&post=1919"},{"taxonomy":"product_cat","embeddable":true,"href":"https:\/\/noams.dk\/index.php?rest_route=%2Fwp%2Fv2%2Fproduct_cat&post=1919"},{"taxonomy":"product_tag","embeddable":true,"href":"https:\/\/noams.dk\/index.php?rest_route=%2Fwp%2Fv2%2Fproduct_tag&post=1919"}],"curies":[{"name":"wp","href":"https:\/\/api.w.org\/{rel}","templated":true}]}}