{"id":3422,"date":"2026-04-03T21:06:48","date_gmt":"2026-04-03T20:06:48","guid":{"rendered":"https:\/\/noams.dk\/?product=l-o-c-ekkokammer-lp"},"modified":"2026-04-22T21:22:09","modified_gmt":"2026-04-22T19:22:09","slug":"l-o-c-ekkokammer-lp","status":"publish","type":"product","link":"https:\/\/noams.dk\/?product=l-o-c-ekkokammer-lp","title":{"rendered":"L.O.C.: Ekkokammer (LP)"},"content":{"rendered":"<p>L.O.C. udgiver nyt og st\u00e6rkt holdningsb\u00e5ret album, \u2019Ekkokammer\u2019.<br \/>\nEfter mere end 6 \u00e5r siden at hans sidste fuldl\u00e6ngde, \u2019Sakrilegium\u2019, kom p\u00e5 gaden i 2014, er en af Danmarks mest succesfulde solister, L.O.C., tilbage med l\u00e6ngeventet nyt album. Albummet f\u00e5r titlen \u2019 Ekkokammer \u2019 og tilf\u00f8jes dermed i r\u00e6kken af album med dogmet om ti bogstaver. Og med en lyd best\u00e5ende af trommer, grunge-guitar, Doepfer-synth, og 808-bas er den analoge indspilningsproces endt i et kompromisl\u00f8st udtryk, hvor musik og tekst er sk\u00e5ret helt ind til benet.<br \/>\n\u2019Ekkokammer\u2019 er if\u00f8lge L.O.C. et tidsbillede fortalt p\u00e5 baggrund af en r\u00e6kke observationer af, hvordan han opfatter samfundet og kulturen i Danmark lige nu. Teksterne er, hvad han selv kalder, holdningsb\u00e5rne og forholder sig kritisk til forskellige facetter af Danmark og verden omkring os. Men L.O.C. er ogs\u00e5 selv en del af denne verden og st\u00e5r dermed ikke udenfor og ser p\u00e5. Han har selv det ene ben forplantet i denne kultur, og albummet rummer derved en del (selv)refleksion.<br \/>\nAlbummets titel \u2019Ekkokammer\u2019 er et billede p\u00e5 en tilstand af egocentrisme og selvforherligelse, der er betegnende for vores tid. Hvor vi konstant omgiver os med de ting, som vi i forvejen kan lide og st\u00e5r inde for \u2013 og hvor algoritmerne ved, hvad vi gerne vil se og h\u00f8re. Dvs. vi pr\u00e6senteres kun for d\u00e9t, vi allerede er enige i og bekr\u00e6ftes konstant i det. L.O.C. beskriver dette som et ekkokammer , hvor man hele tiden h\u00f8rer det, man lige selv har sagt. Dette billede kommer til udtryk ved en st\u00e6rk skildring i titelnummeret p\u00e5 albummet, der ogs\u00e5 udfordrer sp\u00f8rgsm\u00e5let om (falsk) identitet p\u00e5 sociale medier: \u201dDu kan bruge makeup, men du kan ikke gemme sk\u00f8r. Og du kan fixe dit fj\u00e6s, men du f\u00e5r grimme b\u00f8rn \u201d.<\/p>\n<p><strong>Format: Vinyl &#8211; Gatefold with Lyrics <\/strong><br \/>\n<strong>Udgivelsesdato: 28-02-2020 <\/strong><br \/>\n<strong>Genre: Hip Hop \/ Rap <\/strong><br \/>\n<strong>Varenr: WA 5054197065859<\/strong><\/p>\n","protected":false},"excerpt":{"rendered":"<p>L.O.C. udgiver nyt og st\u00e6rkt holdningsb\u00e5ret album, \u2019Ekkokammer\u2019. Efter mere end 6 \u00e5r siden at hans sidste fuldl\u00e6ngde, \u2019Sakrilegium\u2019, kom p\u00e5 gaden i 2014, er en af Danmarks mest succesfulde solister, L.O.C., tilbage med l\u00e6ngeventet nyt album. Albummet f\u00e5r titlen \u2019 Ekkokammer \u2019 og tilf\u00f8jes dermed i r\u00e6kken af album med dogmet om ti bogstaver. [&#8230;]\n","protected":false},"featured_media":26021,"template":"","meta":{"_themeisle_gutenberg_block_has_review":false},"product_brand":[],"product_cat":[195,33],"product_tag":[],"class_list":{"0":"post-3422","1":"product","2":"type-product","3":"status-publish","4":"has-post-thumbnail","6":"product_cat-vinyl-dansk","7":"product_cat-vinyl","9":"first","10":"instock","11":"sold-individually","12":"taxable","13":"shipping-taxable","14":"purchasable","15":"product-type-simple"},"supplier_id":null,"supplier_sku":"","barcode":null,"atum_controlled":true,"out_stock_date":null,"out_stock_threshold":null,"inheritable":false,"inbound_stock":null,"stock_on_hold":null,"sold_today":null,"sales_last_days":null,"reserved_stock":null,"customer_returns":null,"warehouse_damage":null,"lost_in_post":null,"other_logs":null,"out_stock_days":null,"lost_sales":null,"has_location":false,"update_date":"2026-04-22T19:22:10","atum_locations":[],"atum_stock_status":"instock","restock_status":false,"low_stock_amount":"","sales_update_date":null,"calc_backorders":null,"yoast_head":"<!-- This site is optimized with the Yoast SEO plugin v27.4 - https:\/\/yoast.com\/product\/yoast-seo-wordpress\/ -->\n<title>L.O.C.: Ekkokammer (LP) - Noams.dk<\/title>\n<meta name=\"robots\" content=\"index, follow, max-snippet:-1, max-image-preview:large, max-video-preview:-1\" \/>\n<link rel=\"canonical\" href=\"https:\/\/noams.dk\/?product=l-o-c-ekkokammer-lp\" \/>\n<meta property=\"og:locale\" content=\"da_DK\" \/>\n<meta property=\"og:type\" content=\"article\" \/>\n<meta property=\"og:title\" content=\"L.O.C.: Ekkokammer (LP) - Noams.dk\" \/>\n<meta property=\"og:description\" content=\"L.O.C. udgiver nyt og st\u00e6rkt holdningsb\u00e5ret album, \u2019Ekkokammer\u2019. Efter mere end 6 \u00e5r siden at hans sidste fuldl\u00e6ngde, \u2019Sakrilegium\u2019, kom p\u00e5 gaden i 2014, er en af Danmarks mest succesfulde solister, L.O.C., tilbage med l\u00e6ngeventet nyt album. Albummet f\u00e5r titlen \u2019 Ekkokammer \u2019 og tilf\u00f8jes dermed i r\u00e6kken af album med dogmet om ti bogstaver. [...]\" \/>\n<meta property=\"og:url\" content=\"https:\/\/noams.dk\/?product=l-o-c-ekkokammer-lp\" \/>\n<meta property=\"og:site_name\" content=\"Noams.dk\" \/>\n<meta property=\"article:publisher\" content=\"https:\/\/www.facebook.com\/noamsdk\" \/>\n<meta property=\"article:modified_time\" content=\"2026-04-22T19:22:09+00:00\" \/>\n<meta property=\"og:image\" content=\"https:\/\/noams.dk\/wp-content\/uploads\/2026\/04\/L.O.C.-Ekkokammer-LP.jpg\" \/>\n\t<meta property=\"og:image:width\" content=\"540\" \/>\n\t<meta property=\"og:image:height\" content=\"385\" \/>\n\t<meta property=\"og:image:type\" content=\"image\/jpeg\" \/>\n<meta name=\"twitter:card\" content=\"summary_large_image\" \/>\n<meta name=\"twitter:label1\" content=\"Estimeret l\u00e6setid\" \/>\n\t<meta name=\"twitter:data1\" content=\"2 minutter\" \/>\n<script type=\"application\/ld+json\" class=\"yoast-schema-graph\">{\"@context\":\"https:\\\/\\\/schema.org\",\"@graph\":[{\"@type\":\"WebPage\",\"@id\":\"https:\\\/\\\/noams.dk\\\/?product=l-o-c-ekkokammer-lp\",\"url\":\"https:\\\/\\\/noams.dk\\\/?product=l-o-c-ekkokammer-lp\",\"name\":\"L.O.C.: Ekkokammer (LP) - Noams.dk\",\"isPartOf\":{\"@id\":\"https:\\\/\\\/noams.dk\\\/#website\"},\"primaryImageOfPage\":{\"@id\":\"https:\\\/\\\/noams.dk\\\/?product=l-o-c-ekkokammer-lp#primaryimage\"},\"image\":{\"@id\":\"https:\\\/\\\/noams.dk\\\/?product=l-o-c-ekkokammer-lp#primaryimage\"},\"thumbnailUrl\":\"https:\\\/\\\/noams.dk\\\/wp-content\\\/uploads\\\/2026\\\/04\\\/L.O.C.-Ekkokammer-LP.jpg\",\"datePublished\":\"2026-04-03T20:06:48+00:00\",\"dateModified\":\"2026-04-22T19:22:09+00:00\",\"breadcrumb\":{\"@id\":\"https:\\\/\\\/noams.dk\\\/?product=l-o-c-ekkokammer-lp#breadcrumb\"},\"inLanguage\":\"da-DK\",\"potentialAction\":[{\"@type\":\"ReadAction\",\"target\":[\"https:\\\/\\\/noams.dk\\\/?product=l-o-c-ekkokammer-lp\"]}]},{\"@type\":\"ImageObject\",\"inLanguage\":\"da-DK\",\"@id\":\"https:\\\/\\\/noams.dk\\\/?product=l-o-c-ekkokammer-lp#primaryimage\",\"url\":\"https:\\\/\\\/noams.dk\\\/wp-content\\\/uploads\\\/2026\\\/04\\\/L.O.C.-Ekkokammer-LP.jpg\",\"contentUrl\":\"https:\\\/\\\/noams.dk\\\/wp-content\\\/uploads\\\/2026\\\/04\\\/L.O.C.-Ekkokammer-LP.jpg\",\"width\":540,\"height\":385},{\"@type\":\"BreadcrumbList\",\"@id\":\"https:\\\/\\\/noams.dk\\\/?product=l-o-c-ekkokammer-lp#breadcrumb\",\"itemListElement\":[{\"@type\":\"ListItem\",\"position\":1,\"name\":\"Hjem\",\"item\":\"https:\\\/\\\/noams.dk\\\/\"},{\"@type\":\"ListItem\",\"position\":2,\"name\":\"Shop\",\"item\":\"https:\\\/\\\/noams.dk\\\/?page_id=8\"},{\"@type\":\"ListItem\",\"position\":3,\"name\":\"L.O.C.: Ekkokammer (LP)\"}]},{\"@type\":\"WebSite\",\"@id\":\"https:\\\/\\\/noams.dk\\\/#website\",\"url\":\"https:\\\/\\\/noams.dk\\\/\",\"name\":\"Noam.dk\",\"description\":\"Din butik for vinyl, cd&#039;er og film.\",\"publisher\":{\"@id\":\"https:\\\/\\\/noams.dk\\\/#organization\"},\"potentialAction\":[{\"@type\":\"SearchAction\",\"target\":{\"@type\":\"EntryPoint\",\"urlTemplate\":\"https:\\\/\\\/noams.dk\\\/?s={search_term_string}\"},\"query-input\":{\"@type\":\"PropertyValueSpecification\",\"valueRequired\":true,\"valueName\":\"search_term_string\"}}],\"inLanguage\":\"da-DK\"},{\"@type\":\"Organization\",\"@id\":\"https:\\\/\\\/noams.dk\\\/#organization\",\"name\":\"Noam.dk\",\"url\":\"https:\\\/\\\/noams.dk\\\/\",\"logo\":{\"@type\":\"ImageObject\",\"inLanguage\":\"da-DK\",\"@id\":\"https:\\\/\\\/noams.dk\\\/#\\\/schema\\\/logo\\\/image\\\/\",\"url\":\"https:\\\/\\\/noams.dk\\\/wp-content\\\/uploads\\\/2026\\\/04\\\/noams-n-logo.jpg\",\"contentUrl\":\"https:\\\/\\\/noams.dk\\\/wp-content\\\/uploads\\\/2026\\\/04\\\/noams-n-logo.jpg\",\"width\":119,\"height\":108,\"caption\":\"Noam.dk\"},\"image\":{\"@id\":\"https:\\\/\\\/noams.dk\\\/#\\\/schema\\\/logo\\\/image\\\/\"},\"sameAs\":[\"https:\\\/\\\/www.facebook.com\\\/noamsdk\"]}]}<\/script>\n<!-- \/ Yoast SEO plugin. -->","yoast_head_json":{"title":"L.O.C.: Ekkokammer (LP) - Noams.dk","robots":{"index":"index","follow":"follow","max-snippet":"max-snippet:-1","max-image-preview":"max-image-preview:large","max-video-preview":"max-video-preview:-1"},"canonical":"https:\/\/noams.dk\/?product=l-o-c-ekkokammer-lp","og_locale":"da_DK","og_type":"article","og_title":"L.O.C.: Ekkokammer (LP) - Noams.dk","og_description":"L.O.C. udgiver nyt og st\u00e6rkt holdningsb\u00e5ret album, \u2019Ekkokammer\u2019. Efter mere end 6 \u00e5r siden at hans sidste fuldl\u00e6ngde, \u2019Sakrilegium\u2019, kom p\u00e5 gaden i 2014, er en af Danmarks mest succesfulde solister, L.O.C., tilbage med l\u00e6ngeventet nyt album. Albummet f\u00e5r titlen \u2019 Ekkokammer \u2019 og tilf\u00f8jes dermed i r\u00e6kken af album med dogmet om ti bogstaver. [...]","og_url":"https:\/\/noams.dk\/?product=l-o-c-ekkokammer-lp","og_site_name":"Noams.dk","article_publisher":"https:\/\/www.facebook.com\/noamsdk","article_modified_time":"2026-04-22T19:22:09+00:00","og_image":[{"width":540,"height":385,"url":"https:\/\/noams.dk\/wp-content\/uploads\/2026\/04\/L.O.C.-Ekkokammer-LP.jpg","type":"image\/jpeg"}],"twitter_card":"summary_large_image","twitter_misc":{"Estimeret l\u00e6setid":"2 minutter"},"schema":{"@context":"https:\/\/schema.org","@graph":[{"@type":"WebPage","@id":"https:\/\/noams.dk\/?product=l-o-c-ekkokammer-lp","url":"https:\/\/noams.dk\/?product=l-o-c-ekkokammer-lp","name":"L.O.C.: Ekkokammer (LP) - Noams.dk","isPartOf":{"@id":"https:\/\/noams.dk\/#website"},"primaryImageOfPage":{"@id":"https:\/\/noams.dk\/?product=l-o-c-ekkokammer-lp#primaryimage"},"image":{"@id":"https:\/\/noams.dk\/?product=l-o-c-ekkokammer-lp#primaryimage"},"thumbnailUrl":"https:\/\/noams.dk\/wp-content\/uploads\/2026\/04\/L.O.C.-Ekkokammer-LP.jpg","datePublished":"2026-04-03T20:06:48+00:00","dateModified":"2026-04-22T19:22:09+00:00","breadcrumb":{"@id":"https:\/\/noams.dk\/?product=l-o-c-ekkokammer-lp#breadcrumb"},"inLanguage":"da-DK","potentialAction":[{"@type":"ReadAction","target":["https:\/\/noams.dk\/?product=l-o-c-ekkokammer-lp"]}]},{"@type":"ImageObject","inLanguage":"da-DK","@id":"https:\/\/noams.dk\/?product=l-o-c-ekkokammer-lp#primaryimage","url":"https:\/\/noams.dk\/wp-content\/uploads\/2026\/04\/L.O.C.-Ekkokammer-LP.jpg","contentUrl":"https:\/\/noams.dk\/wp-content\/uploads\/2026\/04\/L.O.C.-Ekkokammer-LP.jpg","width":540,"height":385},{"@type":"BreadcrumbList","@id":"https:\/\/noams.dk\/?product=l-o-c-ekkokammer-lp#breadcrumb","itemListElement":[{"@type":"ListItem","position":1,"name":"Hjem","item":"https:\/\/noams.dk\/"},{"@type":"ListItem","position":2,"name":"Shop","item":"https:\/\/noams.dk\/?page_id=8"},{"@type":"ListItem","position":3,"name":"L.O.C.: Ekkokammer (LP)"}]},{"@type":"WebSite","@id":"https:\/\/noams.dk\/#website","url":"https:\/\/noams.dk\/","name":"Noam.dk","description":"Din butik for vinyl, cd&#039;er og film.","publisher":{"@id":"https:\/\/noams.dk\/#organization"},"potentialAction":[{"@type":"SearchAction","target":{"@type":"EntryPoint","urlTemplate":"https:\/\/noams.dk\/?s={search_term_string}"},"query-input":{"@type":"PropertyValueSpecification","valueRequired":true,"valueName":"search_term_string"}}],"inLanguage":"da-DK"},{"@type":"Organization","@id":"https:\/\/noams.dk\/#organization","name":"Noam.dk","url":"https:\/\/noams.dk\/","logo":{"@type":"ImageObject","inLanguage":"da-DK","@id":"https:\/\/noams.dk\/#\/schema\/logo\/image\/","url":"https:\/\/noams.dk\/wp-content\/uploads\/2026\/04\/noams-n-logo.jpg","contentUrl":"https:\/\/noams.dk\/wp-content\/uploads\/2026\/04\/noams-n-logo.jpg","width":119,"height":108,"caption":"Noam.dk"},"image":{"@id":"https:\/\/noams.dk\/#\/schema\/logo\/image\/"},"sameAs":["https:\/\/www.facebook.com\/noamsdk"]}]}},"jetpack_sharing_enabled":true,"_links":{"self":[{"href":"https:\/\/noams.dk\/index.php?rest_route=\/wp\/v2\/product\/3422","targetHints":{"allow":["GET"]}}],"collection":[{"href":"https:\/\/noams.dk\/index.php?rest_route=\/wp\/v2\/product"}],"about":[{"href":"https:\/\/noams.dk\/index.php?rest_route=\/wp\/v2\/types\/product"}],"wp:featuredmedia":[{"embeddable":true,"href":"https:\/\/noams.dk\/index.php?rest_route=\/wp\/v2\/media\/26021"}],"wp:attachment":[{"href":"https:\/\/noams.dk\/index.php?rest_route=%2Fwp%2Fv2%2Fmedia&parent=3422"}],"wp:term":[{"taxonomy":"product_brand","embeddable":true,"href":"https:\/\/noams.dk\/index.php?rest_route=%2Fwp%2Fv2%2Fproduct_brand&post=3422"},{"taxonomy":"product_cat","embeddable":true,"href":"https:\/\/noams.dk\/index.php?rest_route=%2Fwp%2Fv2%2Fproduct_cat&post=3422"},{"taxonomy":"product_tag","embeddable":true,"href":"https:\/\/noams.dk\/index.php?rest_route=%2Fwp%2Fv2%2Fproduct_tag&post=3422"}],"curies":[{"name":"wp","href":"https:\/\/api.w.org\/{rel}","templated":true}]}}