{"id":4463,"date":"2026-04-03T21:09:32","date_gmt":"2026-04-03T20:09:32","guid":{"rendered":"https:\/\/noams.dk\/?product=annika-aw-lp"},"modified":"2026-04-17T21:53:29","modified_gmt":"2026-04-17T20:53:29","slug":"annika-aw-lp","status":"publish","type":"product","link":"https:\/\/noams.dk\/?product=annika-aw-lp","title":{"rendered":"Annika: AW (LP)"},"content":{"rendered":"<p><strong>Trackliste <\/strong><br \/>\n<strong>Side A<\/strong><br \/>\n01: Der s\u00e5 meget jeg ikke fort\u00e6ller<br \/>\n02: Bliv her lidt endnu (feat. JOSVA)<br \/>\n03: Lad mig lande<br \/>\n04: Du ik v\u00e6rd at gr\u00e6de for (feat. Sira Jovina)<br \/>\n05: Brugt mine dage<br \/>\n06: Start p\u00e5 ny<br \/>\n07: Det jo bare et kram (interlude)<br \/>\n<strong>Side W<\/strong><br \/>\n01: Stolt (feat. Lamin)<br \/>\n02: Jeg er din<br \/>\n03: Bar bund (feat. Gilli)<br \/>\n04: Drukner i os<br \/>\n05: Hva det var 06: Vis mig<\/p>\n<p><strong>Format: Oxblood Vinyl <\/strong><br \/>\n<strong>Udgivelsesdato: 03-04-2026 <\/strong><br \/>\n<strong>Genre: Pop <\/strong><br \/>\n<strong>Label: Universal <\/strong><br \/>\n<strong>Varenr:\u00a00602488291583<\/strong><\/p>\n","protected":false},"excerpt":{"rendered":"<p>Trackliste Side A 01: Der s\u00e5 meget jeg ikke fort\u00e6ller 02: Bliv her lidt endnu (feat. JOSVA) 03: Lad mig lande 04: Du ik v\u00e6rd at gr\u00e6de for (feat. Sira Jovina) 05: Brugt mine dage 06: Start p\u00e5 ny 07: Det jo bare et kram (interlude) Side W 01: Stolt (feat. Lamin) 02: Jeg er [&#8230;]\n","protected":false},"featured_media":25188,"comment_status":"open","ping_status":"closed","template":"","meta":{"_themeisle_gutenberg_block_has_review":false},"product_brand":[],"product_cat":[195,36,33],"product_tag":[],"class_list":{"0":"post-4463","1":"product","2":"type-product","3":"status-publish","4":"has-post-thumbnail","6":"product_cat-vinyl-dansk","7":"product_cat-nyhed","8":"product_cat-vinyl","10":"first","11":"instock","12":"sold-individually","13":"taxable","14":"shipping-taxable","15":"purchasable","16":"product-type-simple"},"supplier_id":null,"supplier_sku":"","barcode":null,"atum_controlled":true,"out_stock_date":null,"out_stock_threshold":null,"inheritable":false,"inbound_stock":null,"stock_on_hold":null,"sold_today":null,"sales_last_days":null,"reserved_stock":null,"customer_returns":null,"warehouse_damage":null,"lost_in_post":null,"other_logs":null,"out_stock_days":null,"lost_sales":null,"has_location":false,"update_date":"2026-04-17T20:27:50","atum_locations":[],"atum_stock_status":"instock","restock_status":false,"low_stock_amount":"","sales_update_date":null,"calc_backorders":null,"yoast_head":"<!-- This site is optimized with the Yoast SEO plugin v27.3 - https:\/\/yoast.com\/product\/yoast-seo-wordpress\/ -->\n<title>Annika: AW (LP) - Noams.dk<\/title>\n<meta name=\"description\" content=\"TracklisteSide A01: Der s\u00e5 meget jeg ikke fort\u00e6ller02: Bliv her lidt endnu (feat. JOSVA)03: Lad mig lande04: Du ik v\u00e6rd at gr\u00e6de for (feat. Sira Jovina)05: Brugt mine dage06: Start p\u00e5 ny07: Det jo bare et kram (interlude)Side W01: Stolt (feat. Lamin)02: Jeg er din03: Bar bund (feat. Gilli)04: Drukner i os05: Hva det var 06: Vis migFormat: Oxblood VinylUdgivelsesdato: 03-04-2026Genre: PopLabel: UniversalVarenr:\u00a00602488291583\" \/>\n<meta name=\"robots\" content=\"index, follow, max-snippet:-1, max-image-preview:large, max-video-preview:-1\" \/>\n<link rel=\"canonical\" href=\"https:\/\/noams.dk\/?product=annika-aw-lp\" \/>\n<meta property=\"og:locale\" content=\"da_DK\" \/>\n<meta property=\"og:type\" content=\"article\" \/>\n<meta property=\"og:title\" content=\"Annika: AW (LP) - Noams.dk\" \/>\n<meta property=\"og:description\" content=\"TracklisteSide A01: Der s\u00e5 meget jeg ikke fort\u00e6ller02: Bliv her lidt endnu (feat. JOSVA)03: Lad mig lande04: Du ik v\u00e6rd at gr\u00e6de for (feat. Sira Jovina)05: Brugt mine dage06: Start p\u00e5 ny07: Det jo bare et kram (interlude)Side W01: Stolt (feat. Lamin)02: Jeg er din03: Bar bund (feat. Gilli)04: Drukner i os05: Hva det var 06: Vis migFormat: Oxblood VinylUdgivelsesdato: 03-04-2026Genre: PopLabel: UniversalVarenr:\u00a00602488291583\" \/>\n<meta property=\"og:url\" content=\"https:\/\/noams.dk\/?product=annika-aw-lp\" \/>\n<meta property=\"og:site_name\" content=\"Noams.dk\" \/>\n<meta property=\"article:publisher\" content=\"https:\/\/www.facebook.com\/noamsdk\" \/>\n<meta property=\"article:modified_time\" content=\"2026-04-17T20:53:29+00:00\" \/>\n<meta property=\"og:image\" content=\"https:\/\/noams.dk\/wp-content\/uploads\/2026\/04\/Annika-AW-LP.jpg\" \/>\n\t<meta property=\"og:image:width\" content=\"400\" \/>\n\t<meta property=\"og:image:height\" content=\"400\" \/>\n\t<meta property=\"og:image:type\" content=\"image\/jpeg\" \/>\n<meta name=\"twitter:card\" content=\"summary_large_image\" \/>\n<meta name=\"twitter:label1\" content=\"Estimeret l\u00e6setid\" \/>\n\t<meta name=\"twitter:data1\" content=\"1 minut\" \/>\n<script type=\"application\/ld+json\" class=\"yoast-schema-graph\">{\"@context\":\"https:\\\/\\\/schema.org\",\"@graph\":[{\"@type\":\"WebPage\",\"@id\":\"https:\\\/\\\/noams.dk\\\/?product=annika-aw-lp\",\"url\":\"https:\\\/\\\/noams.dk\\\/?product=annika-aw-lp\",\"name\":\"Annika: AW (LP) - Noams.dk\",\"isPartOf\":{\"@id\":\"https:\\\/\\\/noams.dk\\\/#website\"},\"primaryImageOfPage\":{\"@id\":\"https:\\\/\\\/noams.dk\\\/?product=annika-aw-lp#primaryimage\"},\"image\":{\"@id\":\"https:\\\/\\\/noams.dk\\\/?product=annika-aw-lp#primaryimage\"},\"thumbnailUrl\":\"https:\\\/\\\/noams.dk\\\/wp-content\\\/uploads\\\/2026\\\/04\\\/Annika-AW-LP.jpg\",\"datePublished\":\"2026-04-03T20:09:32+00:00\",\"dateModified\":\"2026-04-17T20:53:29+00:00\",\"description\":\"TracklisteSide A01: Der s\u00e5 meget jeg ikke fort\u00e6ller02: Bliv her lidt endnu (feat. JOSVA)03: Lad mig lande04: Du ik v\u00e6rd at gr\u00e6de for (feat. Sira Jovina)05: Brugt mine dage06: Start p\u00e5 ny07: Det jo bare et kram (interlude)Side W01: Stolt (feat. Lamin)02: Jeg er din03: Bar bund (feat. Gilli)04: Drukner i os05: Hva det var 06: Vis migFormat: Oxblood VinylUdgivelsesdato: 03-04-2026Genre: PopLabel: UniversalVarenr:\u00a00602488291583\",\"breadcrumb\":{\"@id\":\"https:\\\/\\\/noams.dk\\\/?product=annika-aw-lp#breadcrumb\"},\"inLanguage\":\"da-DK\",\"potentialAction\":[{\"@type\":\"ReadAction\",\"target\":[\"https:\\\/\\\/noams.dk\\\/?product=annika-aw-lp\"]}]},{\"@type\":\"ImageObject\",\"inLanguage\":\"da-DK\",\"@id\":\"https:\\\/\\\/noams.dk\\\/?product=annika-aw-lp#primaryimage\",\"url\":\"https:\\\/\\\/noams.dk\\\/wp-content\\\/uploads\\\/2026\\\/04\\\/Annika-AW-LP.jpg\",\"contentUrl\":\"https:\\\/\\\/noams.dk\\\/wp-content\\\/uploads\\\/2026\\\/04\\\/Annika-AW-LP.jpg\",\"width\":400,\"height\":400},{\"@type\":\"BreadcrumbList\",\"@id\":\"https:\\\/\\\/noams.dk\\\/?product=annika-aw-lp#breadcrumb\",\"itemListElement\":[{\"@type\":\"ListItem\",\"position\":1,\"name\":\"Hjem\",\"item\":\"https:\\\/\\\/noams.dk\\\/\"},{\"@type\":\"ListItem\",\"position\":2,\"name\":\"Shop\",\"item\":\"https:\\\/\\\/noams.dk\\\/?page_id=8\"},{\"@type\":\"ListItem\",\"position\":3,\"name\":\"Annika: AW (LP)\"}]},{\"@type\":\"WebSite\",\"@id\":\"https:\\\/\\\/noams.dk\\\/#website\",\"url\":\"https:\\\/\\\/noams.dk\\\/\",\"name\":\"Noam.dk\",\"description\":\"Din butik for vinyl, cd&#039;er og film.\",\"publisher\":{\"@id\":\"https:\\\/\\\/noams.dk\\\/#organization\"},\"potentialAction\":[{\"@type\":\"SearchAction\",\"target\":{\"@type\":\"EntryPoint\",\"urlTemplate\":\"https:\\\/\\\/noams.dk\\\/?s={search_term_string}\"},\"query-input\":{\"@type\":\"PropertyValueSpecification\",\"valueRequired\":true,\"valueName\":\"search_term_string\"}}],\"inLanguage\":\"da-DK\"},{\"@type\":\"Organization\",\"@id\":\"https:\\\/\\\/noams.dk\\\/#organization\",\"name\":\"Noam.dk\",\"url\":\"https:\\\/\\\/noams.dk\\\/\",\"logo\":{\"@type\":\"ImageObject\",\"inLanguage\":\"da-DK\",\"@id\":\"https:\\\/\\\/noams.dk\\\/#\\\/schema\\\/logo\\\/image\\\/\",\"url\":\"https:\\\/\\\/noams.dk\\\/wp-content\\\/uploads\\\/2026\\\/04\\\/noams-n-logo.jpg\",\"contentUrl\":\"https:\\\/\\\/noams.dk\\\/wp-content\\\/uploads\\\/2026\\\/04\\\/noams-n-logo.jpg\",\"width\":119,\"height\":108,\"caption\":\"Noam.dk\"},\"image\":{\"@id\":\"https:\\\/\\\/noams.dk\\\/#\\\/schema\\\/logo\\\/image\\\/\"},\"sameAs\":[\"https:\\\/\\\/www.facebook.com\\\/noamsdk\"]}]}<\/script>\n<!-- \/ Yoast SEO plugin. -->","yoast_head_json":{"title":"Annika: AW (LP) - Noams.dk","description":"TracklisteSide A01: Der s\u00e5 meget jeg ikke fort\u00e6ller02: Bliv her lidt endnu (feat. JOSVA)03: Lad mig lande04: Du ik v\u00e6rd at gr\u00e6de for (feat. Sira Jovina)05: Brugt mine dage06: Start p\u00e5 ny07: Det jo bare et kram (interlude)Side W01: Stolt (feat. Lamin)02: Jeg er din03: Bar bund (feat. Gilli)04: Drukner i os05: Hva det var 06: Vis migFormat: Oxblood VinylUdgivelsesdato: 03-04-2026Genre: PopLabel: UniversalVarenr:\u00a00602488291583","robots":{"index":"index","follow":"follow","max-snippet":"max-snippet:-1","max-image-preview":"max-image-preview:large","max-video-preview":"max-video-preview:-1"},"canonical":"https:\/\/noams.dk\/?product=annika-aw-lp","og_locale":"da_DK","og_type":"article","og_title":"Annika: AW (LP) - Noams.dk","og_description":"TracklisteSide A01: Der s\u00e5 meget jeg ikke fort\u00e6ller02: Bliv her lidt endnu (feat. JOSVA)03: Lad mig lande04: Du ik v\u00e6rd at gr\u00e6de for (feat. Sira Jovina)05: Brugt mine dage06: Start p\u00e5 ny07: Det jo bare et kram (interlude)Side W01: Stolt (feat. Lamin)02: Jeg er din03: Bar bund (feat. Gilli)04: Drukner i os05: Hva det var 06: Vis migFormat: Oxblood VinylUdgivelsesdato: 03-04-2026Genre: PopLabel: UniversalVarenr:\u00a00602488291583","og_url":"https:\/\/noams.dk\/?product=annika-aw-lp","og_site_name":"Noams.dk","article_publisher":"https:\/\/www.facebook.com\/noamsdk","article_modified_time":"2026-04-17T20:53:29+00:00","og_image":[{"width":400,"height":400,"url":"https:\/\/noams.dk\/wp-content\/uploads\/2026\/04\/Annika-AW-LP.jpg","type":"image\/jpeg"}],"twitter_card":"summary_large_image","twitter_misc":{"Estimeret l\u00e6setid":"1 minut"},"schema":{"@context":"https:\/\/schema.org","@graph":[{"@type":"WebPage","@id":"https:\/\/noams.dk\/?product=annika-aw-lp","url":"https:\/\/noams.dk\/?product=annika-aw-lp","name":"Annika: AW (LP) - Noams.dk","isPartOf":{"@id":"https:\/\/noams.dk\/#website"},"primaryImageOfPage":{"@id":"https:\/\/noams.dk\/?product=annika-aw-lp#primaryimage"},"image":{"@id":"https:\/\/noams.dk\/?product=annika-aw-lp#primaryimage"},"thumbnailUrl":"https:\/\/noams.dk\/wp-content\/uploads\/2026\/04\/Annika-AW-LP.jpg","datePublished":"2026-04-03T20:09:32+00:00","dateModified":"2026-04-17T20:53:29+00:00","description":"TracklisteSide A01: Der s\u00e5 meget jeg ikke fort\u00e6ller02: Bliv her lidt endnu (feat. JOSVA)03: Lad mig lande04: Du ik v\u00e6rd at gr\u00e6de for (feat. Sira Jovina)05: Brugt mine dage06: Start p\u00e5 ny07: Det jo bare et kram (interlude)Side W01: Stolt (feat. Lamin)02: Jeg er din03: Bar bund (feat. Gilli)04: Drukner i os05: Hva det var 06: Vis migFormat: Oxblood VinylUdgivelsesdato: 03-04-2026Genre: PopLabel: UniversalVarenr:\u00a00602488291583","breadcrumb":{"@id":"https:\/\/noams.dk\/?product=annika-aw-lp#breadcrumb"},"inLanguage":"da-DK","potentialAction":[{"@type":"ReadAction","target":["https:\/\/noams.dk\/?product=annika-aw-lp"]}]},{"@type":"ImageObject","inLanguage":"da-DK","@id":"https:\/\/noams.dk\/?product=annika-aw-lp#primaryimage","url":"https:\/\/noams.dk\/wp-content\/uploads\/2026\/04\/Annika-AW-LP.jpg","contentUrl":"https:\/\/noams.dk\/wp-content\/uploads\/2026\/04\/Annika-AW-LP.jpg","width":400,"height":400},{"@type":"BreadcrumbList","@id":"https:\/\/noams.dk\/?product=annika-aw-lp#breadcrumb","itemListElement":[{"@type":"ListItem","position":1,"name":"Hjem","item":"https:\/\/noams.dk\/"},{"@type":"ListItem","position":2,"name":"Shop","item":"https:\/\/noams.dk\/?page_id=8"},{"@type":"ListItem","position":3,"name":"Annika: AW (LP)"}]},{"@type":"WebSite","@id":"https:\/\/noams.dk\/#website","url":"https:\/\/noams.dk\/","name":"Noam.dk","description":"Din butik for vinyl, cd&#039;er og film.","publisher":{"@id":"https:\/\/noams.dk\/#organization"},"potentialAction":[{"@type":"SearchAction","target":{"@type":"EntryPoint","urlTemplate":"https:\/\/noams.dk\/?s={search_term_string}"},"query-input":{"@type":"PropertyValueSpecification","valueRequired":true,"valueName":"search_term_string"}}],"inLanguage":"da-DK"},{"@type":"Organization","@id":"https:\/\/noams.dk\/#organization","name":"Noam.dk","url":"https:\/\/noams.dk\/","logo":{"@type":"ImageObject","inLanguage":"da-DK","@id":"https:\/\/noams.dk\/#\/schema\/logo\/image\/","url":"https:\/\/noams.dk\/wp-content\/uploads\/2026\/04\/noams-n-logo.jpg","contentUrl":"https:\/\/noams.dk\/wp-content\/uploads\/2026\/04\/noams-n-logo.jpg","width":119,"height":108,"caption":"Noam.dk"},"image":{"@id":"https:\/\/noams.dk\/#\/schema\/logo\/image\/"},"sameAs":["https:\/\/www.facebook.com\/noamsdk"]}]}},"jetpack_sharing_enabled":true,"_links":{"self":[{"href":"https:\/\/noams.dk\/index.php?rest_route=\/wp\/v2\/product\/4463","targetHints":{"allow":["GET"]}}],"collection":[{"href":"https:\/\/noams.dk\/index.php?rest_route=\/wp\/v2\/product"}],"about":[{"href":"https:\/\/noams.dk\/index.php?rest_route=\/wp\/v2\/types\/product"}],"replies":[{"embeddable":true,"href":"https:\/\/noams.dk\/index.php?rest_route=%2Fwp%2Fv2%2Fcomments&post=4463"}],"wp:featuredmedia":[{"embeddable":true,"href":"https:\/\/noams.dk\/index.php?rest_route=\/wp\/v2\/media\/25188"}],"wp:attachment":[{"href":"https:\/\/noams.dk\/index.php?rest_route=%2Fwp%2Fv2%2Fmedia&parent=4463"}],"wp:term":[{"taxonomy":"product_brand","embeddable":true,"href":"https:\/\/noams.dk\/index.php?rest_route=%2Fwp%2Fv2%2Fproduct_brand&post=4463"},{"taxonomy":"product_cat","embeddable":true,"href":"https:\/\/noams.dk\/index.php?rest_route=%2Fwp%2Fv2%2Fproduct_cat&post=4463"},{"taxonomy":"product_tag","embeddable":true,"href":"https:\/\/noams.dk\/index.php?rest_route=%2Fwp%2Fv2%2Fproduct_tag&post=4463"}],"curies":[{"name":"wp","href":"https:\/\/api.w.org\/{rel}","templated":true}]}}