{"id":924,"date":"2026-04-03T13:35:39","date_gmt":"2026-04-03T12:35:39","guid":{"rendered":"https:\/\/noams.dk\/?product=intruder-dvd"},"modified":"2026-04-07T19:24:47","modified_gmt":"2026-04-07T18:24:47","slug":"intruder-dvd","status":"publish","type":"product","link":"https:\/\/noams.dk\/?product=intruder-dvd","title":{"rendered":"Intruder (DVD)"},"content":{"rendered":"<p><strong>Beskrivelse<\/strong><br \/>\nOPRINDELIGT CENSURERET MED MERE END 3 MINUTTER &#8211; NU 100% UKLIPPET!<br \/>\nDet lokale supermarked st\u00e5r for at skulle lukke, og alt disponibelt personale er indkaldt for at hj\u00e6lpe med at holde status. Kort f\u00f8r lukketid dukker kassemedarbejderen Jennifers voldelige ex-k\u00e6reste op og skaber en masse postyr, inden supermarkedets ene medejer, efter lidt h\u00e5ndgem\u00e6ng, f\u00e5r ham smidt p\u00e5 porten. Da roen atter s\u00e6nker sig, l\u00e5ses d\u00f8rene og statusopt\u00e6llingen g\u00e5r i gang. Stemningen er trykket, men de unge medarbejdere fors\u00f8ger p\u00e5 bedste vis at holde hum\u00f8ret h\u00f8jt, mens de fort\u00e6ller anekdoter, joker og kysser lidt i krogene. Det skal dog snart vise sig, at de ikke er alene i det store center. I de m\u00f8rke kroge lurer en ubuden g\u00e6st, og da den ene efter den anden begynder at forsvinde, finder de desperate medarbejdere ud af, at de l\u00e5ste d\u00f8re, der skulle beskytte dem mod indtr\u00e6ngende udefra, pludseligt skaber de perfekte rammer for en bloddryppende nedslagtning&#8230;<br \/>\nTRIVIA: \u2022 Intruder er en typisk slasherfilm i stil med Halloween og Friday the 13th, men h\u00f8rer absolut til i den mere bloddryppende ende. \u2022 Filmen blev oprindeligt nedklippet med hele 3 minutter (17 klip) af distribut\u00f8ren Paramount i USA, for at undg\u00e5 en X-rating, der ville forhindre biografdistribution. \u2022 Filmen byder p\u00e5 et v\u00e6ld af genreveteraner som Bruce Campbell (The Evil Dead, Army of Darkness, Bubba Ho-Tep) og Sam Raimi (Spiderman, The Evil Dead, Drag Me to Hell).<br \/>\n<strong>Format: DVD <\/strong><br \/>\n<strong>Sprog: Engelsk &#8211; Dolby Digital 2.0 <\/strong><br \/>\n<strong>Undertekster: Dansk, svensk, norsk, finsk <\/strong><br \/>\n<strong>Spilletid: 88 min. <\/strong><br \/>\n<strong>Alder: 15 \u00e5r <\/strong><br \/>\n<strong>Genre: Gyser <\/strong><br \/>\n<strong>Produktions\u00e5r: 1989 <\/strong><br \/>\n<strong>Varenr: 5709498011967<\/strong><\/p>\n","protected":false},"excerpt":{"rendered":"<p>BeskrivelseOPRINDELIGT CENSURERET MED MERE END 3 MINUTTER &#8211; NU 100% UKLIPPET!<br \/>\nDet lokale supermarked st\u00e5r for at skulle lukke, og alt disponibelt personale er indkaldt for at hj\u00e6lpe med at holde stat<\/p>\n","protected":false},"featured_media":0,"comment_status":"open","ping_status":"closed","template":"","meta":{"_themeisle_gutenberg_block_has_review":false},"product_brand":[],"product_cat":[47,56],"product_tag":[],"class_list":{"0":"post-924","1":"product","2":"type-product","3":"status-publish","5":"product_cat-film","6":"product_cat-gys-horror","8":"first","9":"instock","10":"sold-individually","11":"taxable","12":"shipping-taxable","13":"purchasable","14":"product-type-simple"},"supplier_id":null,"supplier_sku":"","barcode":null,"atum_controlled":true,"out_stock_date":null,"out_stock_threshold":null,"inheritable":false,"inbound_stock":null,"stock_on_hold":null,"sold_today":null,"sales_last_days":null,"reserved_stock":null,"customer_returns":null,"warehouse_damage":null,"lost_in_post":null,"other_logs":null,"out_stock_days":null,"lost_sales":null,"has_location":false,"update_date":"2026-04-07T18:24:48","atum_locations":[],"atum_stock_status":"instock","restock_status":false,"low_stock_amount":"","sales_update_date":null,"calc_backorders":null,"yoast_head":"<!-- This site is optimized with the Yoast SEO plugin v27.3 - https:\/\/yoast.com\/product\/yoast-seo-wordpress\/ -->\n<title>Intruder (DVD) - Noams.dk<\/title>\n<meta name=\"robots\" content=\"index, follow, max-snippet:-1, max-image-preview:large, max-video-preview:-1\" \/>\n<link rel=\"canonical\" href=\"https:\/\/noams.dk\/?product=intruder-dvd\" \/>\n<meta property=\"og:locale\" content=\"da_DK\" \/>\n<meta property=\"og:type\" content=\"article\" \/>\n<meta property=\"og:title\" content=\"Intruder (DVD) - Noams.dk\" \/>\n<meta property=\"og:description\" content=\"BeskrivelseOPRINDELIGT CENSURERET MED MERE END 3 MINUTTER - NU 100% UKLIPPET! Det lokale supermarked st\u00e5r for at skulle lukke, og alt disponibelt personale er indkaldt for at hj\u00e6lpe med at holde stat\" \/>\n<meta property=\"og:url\" content=\"https:\/\/noams.dk\/?product=intruder-dvd\" \/>\n<meta property=\"og:site_name\" content=\"Noams.dk\" \/>\n<meta property=\"article:publisher\" content=\"https:\/\/www.facebook.com\/noamsdk\" \/>\n<meta property=\"article:modified_time\" content=\"2026-04-07T18:24:47+00:00\" \/>\n<meta name=\"twitter:card\" content=\"summary_large_image\" \/>\n<meta name=\"twitter:label1\" content=\"Estimeret l\u00e6setid\" \/>\n\t<meta name=\"twitter:data1\" content=\"2 minutter\" \/>\n<script type=\"application\/ld+json\" class=\"yoast-schema-graph\">{\"@context\":\"https:\\\/\\\/schema.org\",\"@graph\":[{\"@type\":\"WebPage\",\"@id\":\"https:\\\/\\\/noams.dk\\\/?product=intruder-dvd\",\"url\":\"https:\\\/\\\/noams.dk\\\/?product=intruder-dvd\",\"name\":\"Intruder (DVD) - Noams.dk\",\"isPartOf\":{\"@id\":\"https:\\\/\\\/noams.dk\\\/#website\"},\"datePublished\":\"2026-04-03T12:35:39+00:00\",\"dateModified\":\"2026-04-07T18:24:47+00:00\",\"breadcrumb\":{\"@id\":\"https:\\\/\\\/noams.dk\\\/?product=intruder-dvd#breadcrumb\"},\"inLanguage\":\"da-DK\",\"potentialAction\":[{\"@type\":\"ReadAction\",\"target\":[\"https:\\\/\\\/noams.dk\\\/?product=intruder-dvd\"]}]},{\"@type\":\"BreadcrumbList\",\"@id\":\"https:\\\/\\\/noams.dk\\\/?product=intruder-dvd#breadcrumb\",\"itemListElement\":[{\"@type\":\"ListItem\",\"position\":1,\"name\":\"Hjem\",\"item\":\"https:\\\/\\\/noams.dk\\\/\"},{\"@type\":\"ListItem\",\"position\":2,\"name\":\"Shop\",\"item\":\"https:\\\/\\\/noams.dk\\\/?page_id=8\"},{\"@type\":\"ListItem\",\"position\":3,\"name\":\"Intruder (DVD)\"}]},{\"@type\":\"WebSite\",\"@id\":\"https:\\\/\\\/noams.dk\\\/#website\",\"url\":\"https:\\\/\\\/noams.dk\\\/\",\"name\":\"Noam.dk\",\"description\":\"Din butik for vinyl, cd&#039;er og film.\",\"publisher\":{\"@id\":\"https:\\\/\\\/noams.dk\\\/#organization\"},\"potentialAction\":[{\"@type\":\"SearchAction\",\"target\":{\"@type\":\"EntryPoint\",\"urlTemplate\":\"https:\\\/\\\/noams.dk\\\/?s={search_term_string}\"},\"query-input\":{\"@type\":\"PropertyValueSpecification\",\"valueRequired\":true,\"valueName\":\"search_term_string\"}}],\"inLanguage\":\"da-DK\"},{\"@type\":\"Organization\",\"@id\":\"https:\\\/\\\/noams.dk\\\/#organization\",\"name\":\"Noam.dk\",\"url\":\"https:\\\/\\\/noams.dk\\\/\",\"logo\":{\"@type\":\"ImageObject\",\"inLanguage\":\"da-DK\",\"@id\":\"https:\\\/\\\/noams.dk\\\/#\\\/schema\\\/logo\\\/image\\\/\",\"url\":\"https:\\\/\\\/noams.dk\\\/wp-content\\\/uploads\\\/2026\\\/04\\\/noams-n-logo.jpg\",\"contentUrl\":\"https:\\\/\\\/noams.dk\\\/wp-content\\\/uploads\\\/2026\\\/04\\\/noams-n-logo.jpg\",\"width\":119,\"height\":108,\"caption\":\"Noam.dk\"},\"image\":{\"@id\":\"https:\\\/\\\/noams.dk\\\/#\\\/schema\\\/logo\\\/image\\\/\"},\"sameAs\":[\"https:\\\/\\\/www.facebook.com\\\/noamsdk\"]}]}<\/script>\n<!-- \/ Yoast SEO plugin. -->","yoast_head_json":{"title":"Intruder (DVD) - Noams.dk","robots":{"index":"index","follow":"follow","max-snippet":"max-snippet:-1","max-image-preview":"max-image-preview:large","max-video-preview":"max-video-preview:-1"},"canonical":"https:\/\/noams.dk\/?product=intruder-dvd","og_locale":"da_DK","og_type":"article","og_title":"Intruder (DVD) - Noams.dk","og_description":"BeskrivelseOPRINDELIGT CENSURERET MED MERE END 3 MINUTTER - NU 100% UKLIPPET! Det lokale supermarked st\u00e5r for at skulle lukke, og alt disponibelt personale er indkaldt for at hj\u00e6lpe med at holde stat","og_url":"https:\/\/noams.dk\/?product=intruder-dvd","og_site_name":"Noams.dk","article_publisher":"https:\/\/www.facebook.com\/noamsdk","article_modified_time":"2026-04-07T18:24:47+00:00","twitter_card":"summary_large_image","twitter_misc":{"Estimeret l\u00e6setid":"2 minutter"},"schema":{"@context":"https:\/\/schema.org","@graph":[{"@type":"WebPage","@id":"https:\/\/noams.dk\/?product=intruder-dvd","url":"https:\/\/noams.dk\/?product=intruder-dvd","name":"Intruder (DVD) - Noams.dk","isPartOf":{"@id":"https:\/\/noams.dk\/#website"},"datePublished":"2026-04-03T12:35:39+00:00","dateModified":"2026-04-07T18:24:47+00:00","breadcrumb":{"@id":"https:\/\/noams.dk\/?product=intruder-dvd#breadcrumb"},"inLanguage":"da-DK","potentialAction":[{"@type":"ReadAction","target":["https:\/\/noams.dk\/?product=intruder-dvd"]}]},{"@type":"BreadcrumbList","@id":"https:\/\/noams.dk\/?product=intruder-dvd#breadcrumb","itemListElement":[{"@type":"ListItem","position":1,"name":"Hjem","item":"https:\/\/noams.dk\/"},{"@type":"ListItem","position":2,"name":"Shop","item":"https:\/\/noams.dk\/?page_id=8"},{"@type":"ListItem","position":3,"name":"Intruder (DVD)"}]},{"@type":"WebSite","@id":"https:\/\/noams.dk\/#website","url":"https:\/\/noams.dk\/","name":"Noam.dk","description":"Din butik for vinyl, cd&#039;er og film.","publisher":{"@id":"https:\/\/noams.dk\/#organization"},"potentialAction":[{"@type":"SearchAction","target":{"@type":"EntryPoint","urlTemplate":"https:\/\/noams.dk\/?s={search_term_string}"},"query-input":{"@type":"PropertyValueSpecification","valueRequired":true,"valueName":"search_term_string"}}],"inLanguage":"da-DK"},{"@type":"Organization","@id":"https:\/\/noams.dk\/#organization","name":"Noam.dk","url":"https:\/\/noams.dk\/","logo":{"@type":"ImageObject","inLanguage":"da-DK","@id":"https:\/\/noams.dk\/#\/schema\/logo\/image\/","url":"https:\/\/noams.dk\/wp-content\/uploads\/2026\/04\/noams-n-logo.jpg","contentUrl":"https:\/\/noams.dk\/wp-content\/uploads\/2026\/04\/noams-n-logo.jpg","width":119,"height":108,"caption":"Noam.dk"},"image":{"@id":"https:\/\/noams.dk\/#\/schema\/logo\/image\/"},"sameAs":["https:\/\/www.facebook.com\/noamsdk"]}]}},"jetpack_sharing_enabled":true,"_links":{"self":[{"href":"https:\/\/noams.dk\/index.php?rest_route=\/wp\/v2\/product\/924","targetHints":{"allow":["GET"]}}],"collection":[{"href":"https:\/\/noams.dk\/index.php?rest_route=\/wp\/v2\/product"}],"about":[{"href":"https:\/\/noams.dk\/index.php?rest_route=\/wp\/v2\/types\/product"}],"replies":[{"embeddable":true,"href":"https:\/\/noams.dk\/index.php?rest_route=%2Fwp%2Fv2%2Fcomments&post=924"}],"wp:attachment":[{"href":"https:\/\/noams.dk\/index.php?rest_route=%2Fwp%2Fv2%2Fmedia&parent=924"}],"wp:term":[{"taxonomy":"product_brand","embeddable":true,"href":"https:\/\/noams.dk\/index.php?rest_route=%2Fwp%2Fv2%2Fproduct_brand&post=924"},{"taxonomy":"product_cat","embeddable":true,"href":"https:\/\/noams.dk\/index.php?rest_route=%2Fwp%2Fv2%2Fproduct_cat&post=924"},{"taxonomy":"product_tag","embeddable":true,"href":"https:\/\/noams.dk\/index.php?rest_route=%2Fwp%2Fv2%2Fproduct_tag&post=924"}],"curies":[{"name":"wp","href":"https:\/\/api.w.org\/{rel}","templated":true}]}}